culate the greatest common factor of 630270 and 40.
10
What is the highest common divisor of 372 and 160239?
93
What is the greatest common divisor of 2530 and 77510?
230
What is the greatest common divisor of 38 and 128?
2
Calculate the highest common divisor of 595723 and 10856.
1357
What is the greatest common factor of 1246 and 81613?
623
Calculate the greatest common factor of 174 and 808839.
87
What is the highest common factor of 18 and 147060?
18
Calculate the greatest common divisor of 4407060 and 30.
30
Calculate the highest common factor of 2125 and 75625.
125
Calculate the greatest common divisor of 3665 and 50.
5
Calculate the highest common divisor of 75894 and 546.
546
Calculate the greatest common factor of 4272 and 31506.
534
Calculate the highest common factor of 85949 and 183.
61
What is the greatest common divisor of 542307 and 861?
123
Calculate the highest common divisor of 2635 and 37060.
85
Calculate the highest common divisor of 1840 and 235980.
460
What is the highest common factor of 35909 and 1639?
149
Calculate the highest common divisor of 1034 and 913680.
94
Calculate the highest common divisor of 36 and 411.
3
What is the highest common divisor of 133 and 137313?
19
What is the highest common factor of 19944 and 88?
8
What is the greatest common divisor of 105 and 26635?
35
Calculate the highest common factor of 79632 and 720.
144
Calculate the highest common factor of 62795 and 5.
5
What is the highest common factor of 156 and 11037?
39
Calculate the highest common factor of 7345 and 59890.
565
Calculate the greatest common divisor of 561 and 64141.
187
Calculate the greatest common factor of 50 and 58475.
25
What is the greatest common factor of 3625 and 4495?
145
What is the greatest common factor of 7884 and 11448?
108
What is the greatest common factor of 1411 and 629?
17
Calculate the highest common factor of 63495 and 102.
51
Calculate the highest common divisor of 651 and 5061.
21
Calculate the greatest common divisor of 22470 and 29400.
210
Calculate the greatest common divisor of 4922 and 7222.
46
What is the greatest common divisor of 1920 and 4245?
15
What is the greatest common divisor of 72 and 94653?
9
Calculate the highest common factor of 1267 and 4887.
181
Calculate the highest common factor of 840 and 542850.
210
What is the greatest common factor of 2927063 and 349?
349
What is the highest common factor of 347725 and 525?
175
Calculate the greatest common divisor of 40004 and 26304.
548
Calculate the greatest common factor of 589 and 3762532.
589
What is the highest common divisor of 7704 and 41184?
72
Calculate the highest common factor of 365 and 27813.
73
Calculate the greatest common factor of 1259568 and 864.
144
Calculate the highest common divisor of 126693 and 2961.
63
What is the highest common divisor of 56 and 729211?
7
What is the highest common divisor of 6273 and 29151?
369
Calculate the greatest common factor of 1648 and 7622.
206
Calculate the highest common factor of 104 and 3928.
8
Calculate the greatest common divisor of 503426 and 3736.
934
Calculate the greatest common divisor of 75082 and 3806.
346
Calculate the highest common factor of 2016384 and 8496.
2832
What is the highest common divisor of 135 and 282695?
5
Calculate the highest common divisor of 576 and 10308.
12
Calculate the greatest common divisor of 1641 and 4871035.
547
What is the greatest common divisor of 6 and 128202?
6
Calculate the greatest common factor of 4265 and 5.
5
Calculate the greatest common factor of 9 and 19710.
9
Calculate the greatest common factor of 1226000 and 32.
16
What is the highest common divisor of 408 and 3048?
24
What is the highest common factor of 66 and 3478948?
22
Calculate the highest common factor of 228 and 19266.
114
What is the highest common factor of 10440 and 300?
60
Calculate the greatest common divisor of 160053 and 75.
3
Calculate the greatest common factor of 160500 and 963.
321
What is the greatest common divisor of 3448789 and 419?
419
Calculate the highest common divisor of 1895 and 5.
5
Calculate the highest common divisor of 754475 and 10.
5
What is the greatest common factor of 5868 and 59658?
978
Calculate the greatest common divisor of 18 and 12162.
6
Calculate the greatest common factor of 5922 and 492.
6
Calculate the highest common divisor of 410832 and 13948.
1268
What is the highest common factor of 146894 and 154?
22
Calculate the highest common divisor of 132 and 6930.
66
What is the highest common factor of 200 and 1575?
25
What is the greatest common divisor of 4 and 45964?
4
Calculate the greatest common factor of 13 and 709.
1
What is the greatest common factor of 1917 and 5481?
27
Calculate the highest common factor of 7988 and 128.
4
What is the greatest common divisor of 27 and 162585?
9
Calculate the highest common factor of 128 and 1746688.
128
What is the greatest common factor of 1023 and 8261?
11
What is the greatest common divisor of 12 and 17436?
12
Calculate the highest common divisor of 1187 and 1458823.
1187
Calculate the highest common divisor of 147061 and 2217.
739
What is the greatest common factor of 152564 and 860?
172
Calculate the highest common divisor of 231174 and 648.
162
What is the highest common divisor of 1810926 and 981?
981
Calculate the highest common divisor of 17756 and 2123.
193
Calculate the highest common factor of 10502 and 236.
118
What is the greatest common divisor of 962028 and 576?
36
Calculate the highest common factor of 43977 and 963.
321
What is the highest common divisor of 2084 and 12189316?
2084
Calculate the highest common factor of 133431 and 474.
237
Calculate the highest common divisor of 213655 and 247.
247
What is the highest common factor of 93955 and 1235?
95
What is the greatest common factor of 56 and 27629?
7
What is the greatest common factor of 184954 and 770?
154
Calculate the highest common factor of 16235 and 121285.
955
Calculate the highest common divisor of 648 and 622728.
648
Calculate the highest common divisor of 105434 and 5950.
238
Calculate the greatest common factor of 695 and 1251.
139
What is the greatest common factor of 8946 and 42?
42
Calculate the highest common divisor of 495 and 661605.
15
What is the highest common divisor of 441 and 285327?
441
What is the highest common divisor of 4575 and 510?
15
What is the greatest common divisor of 10921 and 11084?
163
What is the greatest common divisor of 13068 and 9180?
108
Calculate the highest common factor of 78253 and 196.
49
Calculate the highest common divisor of 5691 and 103.
1
Calculate the greatest common factor of 6460 and 36380.
340
What is the highest common divisor of 403 and 9923?
1
Calculate the highest common divisor of 841560 and 36.
12
Calculate the highest common factor of 1377 and 68.
17
Calculate the highest common factor of 396 and 36212.
44
Calculate the greatest common divisor of 11359 and 37.
37
Calculate the highest common divisor of 3114 and 212098.
346
What is the greatest common factor of 96048 and 48?
48
Calculate the greatest common divisor of 630 and 1197.
63
What is the greatest common divisor of 756 and 18536?
28
Calculate the greatest common factor of 141130 and 8690.
110
What is the highest common factor of 16473 and 2023?
289
What is the greatest common factor of 7020 and 115596?
468
What is the greatest common factor of 390150 and 1156?
578
What is the greatest common factor of 156313 and 6137?
361
What is the highest common divisor of 2140 and 75756?
428
What is the greatest common divisor of 2548 and 8905?
13
What is the greatest common factor of 9682 and 3090?
206
What is the greatest common factor of 1 and 19379?
1
What is the highest common factor of 5137 and 6071?
467
Calculate the greatest common factor of 5555168 and 8.
8
Calculate the greatest common divisor of 1314 and 81.
9
What is the greatest common factor of 928 and 90016?
928
What is the highest common divisor of 5212805 and 995?
995
What is the greatest common divisor of 52400 and 4?
4
Calculate the highest common divisor of 3591 and 191121.
399
What is the greatest common factor of 16716 and 490734?
1194
Calculate the greatest common factor of 174 and 536964.
174
What is the highest common divisor of 99 and 45